{"id":31,"date":"2025-04-05T22:30:30","date_gmt":"2025-04-06T01:30:30","guid":{"rendered":"http:\/\/192.168.15.9:8567\/?page_id=31"},"modified":"2025-04-05T22:30:30","modified_gmt":"2025-04-06T01:30:30","slug":"por-que-escolher-a-higi-quick","status":"publish","type":"page","link":"https:\/\/higiquick.com.br\/?page_id=31","title":{"rendered":"Por que escolher a Higi Quick?"},"content":{"rendered":"\t\t<div data-elementor-type=\"wp-page\" data-elementor-id=\"31\" class=\"elementor elementor-31\">\n\t\t\t\t<div class=\"elementor-element elementor-element-7185e64a e-flex e-con-boxed e-con e-parent\" data-id=\"7185e64a\" data-element_type=\"container\">\n\t\t\t\t\t<div class=\"e-con-inner\">\n\t\t\t\t<div class=\"elementor-element elementor-element-7866bcf7 elementor-widget elementor-widget-text-editor\" data-id=\"7866bcf7\" data-element_type=\"widget\" data-widget_type=\"text-editor.default\">\n\t\t\t\t<div class=\"elementor-widget-container\">\n\t\t\t\t\t\t\t\t\t\n<p style=\"font-size:clamp(14px, 0.875rem + ((1vw - 3.2px) * 0.392), 18px);\"><strong>Atendimento personalizado para cada cliente<\/strong><\/p>\n\n<p style=\"font-size:clamp(14px, 0.875rem + ((1vw - 3.2px) * 0.392), 18px);\">Na Higi Quick, entendemos que cada cliente tem uma necessidade \u00fanica, e por isso oferecemos um atendimento totalmente personalizado. Desde a avalia\u00e7\u00e3o do tipo de tecido e do grau de sujeira at\u00e9 a escolha dos produtos ideais para o seu estofado, nosso objetivo \u00e9 fornecer o servi\u00e7o mais adequado e eficiente. Nos dedicamos a superar suas expectativas, oferecendo solu\u00e7\u00f5es sob medida que atendem tanto a clientes residenciais quanto corporativos.<\/p>\n\n<p style=\"font-size:clamp(14px, 0.875rem + ((1vw - 3.2px) * 0.392), 18px);\"><strong>Por que escolher a Higi Quick?<\/strong><\/p>\n\n<ul class=\"wp-block-list\">\n<li style=\"font-size:clamp(14px, 0.875rem + ((1vw - 3.2px) * 0.392), 18px);\"><strong>Qualidade garantida:<\/strong> Trabalhamos com os melhores produtos e equipamentos do mercado.<\/li>\n\n<li style=\"font-size:clamp(14px, 0.875rem + ((1vw - 3.2px) * 0.392), 18px);\"><strong>Atendimento especializado:<\/strong> Nossa equipe est\u00e1 sempre pronta para fornecer solu\u00e7\u00f5es personalizadas.<\/li>\n\n<li style=\"font-size:clamp(14px, 0.875rem + ((1vw - 3.2px) * 0.392), 18px);\"><strong>Resultados duradouros:<\/strong> T\u00e9cnicas que garantem a preserva\u00e7\u00e3o e a limpeza eficaz de seus estofados.<\/li>\n<\/ul>\n\n<p style=\"font-size:clamp(14px, 0.875rem + ((1vw - 3.2px) * 0.392), 18px);\">A Higi Quick \u00e9 a escolha certa para quem busca qualidade, efici\u00eancia e um servi\u00e7o de alto padr\u00e3o.<\/p>\n\n<p style=\"font-size:clamp(14px, 0.875rem + ((1vw - 3.2px) * 0.392), 18px);\">Conte conosco para manter seus estofados impec\u00e1veis e bem cuidados!<\/p>\n\n<p>\u00a0<\/p>\n\n<p>\u00a0<\/p>\n\n<p>\u00a0<\/p>\n\t\t\t\t\t\t\t\t<\/div>\n\t\t\t\t<\/div>\n\t\t\t\t\t<\/div>\n\t\t\t\t<\/div>\n\t\t<div class=\"elementor-element elementor-element-4462073 e-flex e-con-boxed e-con e-parent\" data-id=\"4462073\" data-element_type=\"container\">\n\t\t\t\t\t<div class=\"e-con-inner\">\n\t\t\t\t<div class=\"elementor-element elementor-element-05995c6 elementor-widget elementor-widget-text-editor\" data-id=\"05995c6\" data-element_type=\"widget\" data-widget_type=\"text-editor.default\">\n\t\t\t\t<div class=\"elementor-widget-container\">\n\t\t\t\t\t\t\t\t\t<p>Lorem ipsum dolor sit amet, consectetur adipiscing elit. Ut elit tellus, luctus nec ullamcorper mattis, pulvinar dapibus leo.<\/p>\t\t\t\t\t\t\t\t<\/div>\n\t\t\t\t<\/div>\n\t\t\t\t\t<\/div>\n\t\t\t\t<\/div>\n\t\t<div class=\"elementor-element elementor-element-7fe36cd e-flex e-con-boxed e-con e-parent\" data-id=\"7fe36cd\" data-element_type=\"container\">\n\t\t\t\t\t<div class=\"e-con-inner\">\n\t\t\t\t\t<\/div>\n\t\t\t\t<\/div>\n\t\t\t\t<\/div>\n\t\t","protected":false},"excerpt":{"rendered":"<p>Atendimento personalizado para cada cliente Na Higi Quick, entendemos que cada cliente tem uma necessidade \u00fanica, e por isso oferecemos um atendimento totalmente personalizado. Desde a avalia\u00e7\u00e3o do tipo de tecido e do grau de sujeira at\u00e9 a escolha dos produtos ideais para o seu estofado, nosso objetivo \u00e9 fornecer o servi\u00e7o mais adequado e [&hellip;]<\/p>\n","protected":false},"author":1,"featured_media":0,"parent":0,"menu_order":3,"comment_status":"closed","ping_status":"closed","template":"","meta":{"saved_in_kubio":false,"footnotes":""},"class_list":["post-31","page","type-page","status-publish","hentry"],"kubio_ai_page_context":{"short_desc":"","purpose":"general"},"_links":{"self":[{"href":"https:\/\/higiquick.com.br\/index.php?rest_route=\/wp\/v2\/pages\/31","targetHints":{"allow":["GET"]}}],"collection":[{"href":"https:\/\/higiquick.com.br\/index.php?rest_route=\/wp\/v2\/pages"}],"about":[{"href":"https:\/\/higiquick.com.br\/index.php?rest_route=\/wp\/v2\/types\/page"}],"author":[{"embeddable":true,"href":"https:\/\/higiquick.com.br\/index.php?rest_route=\/wp\/v2\/users\/1"}],"replies":[{"embeddable":true,"href":"https:\/\/higiquick.com.br\/index.php?rest_route=%2Fwp%2Fv2%2Fcomments&post=31"}],"version-history":[{"count":0,"href":"https:\/\/higiquick.com.br\/index.php?rest_route=\/wp\/v2\/pages\/31\/revisions"}],"wp:attachment":[{"href":"https:\/\/higiquick.com.br\/index.php?rest_route=%2Fwp%2Fv2%2Fmedia&parent=31"}],"curies":[{"name":"wp","href":"https:\/\/api.w.org\/{rel}","templated":true}]}}