{"id":28,"date":"2025-04-05T22:18:52","date_gmt":"2025-04-06T01:18:52","guid":{"rendered":"http:\/\/192.168.15.9:8567\/?page_id=28"},"modified":"2025-09-11T22:21:51","modified_gmt":"2025-09-12T01:21:51","slug":"contato","status":"publish","type":"page","link":"https:\/\/higiquick.com.br\/?page_id=28","title":{"rendered":"Contato"},"content":{"rendered":"\t\t<div data-elementor-type=\"wp-page\" data-elementor-id=\"28\" class=\"elementor elementor-28\">\n\t\t\t\t<div class=\"elementor-element elementor-element-77c9a8f4 e-con-full e-flex e-con e-parent\" data-id=\"77c9a8f4\" data-element_type=\"container\">\n\t\t\t\t<div class=\"elementor-element elementor-element-313037bb elementor-drop-cap-yes elementor-drop-cap-view-default elementor-widget elementor-widget-text-editor\" data-id=\"313037bb\" data-element_type=\"widget\" data-settings=\"{&quot;drop_cap&quot;:&quot;yes&quot;}\" data-widget_type=\"text-editor.default\">\n\t\t\t\t<div class=\"elementor-widget-container\">\n\t\t\t\t\t\t\t\t\t<p>Contato: <\/p>\n<div class=\"wp-block-group\">\n<p><\/p>\n<p><\/p>\n<p><\/p>\n<p>WhatsApp:&nbsp;<\/p>\n<p>(11) 3721-3219<\/p>\n<p><\/p>\n<p><\/p>\n<p>E-mail: contato@higiquick.com.br<\/p>\n<p><\/p>\n<\/div>\n<p><!-- \/wp:group --><\/p>\n<p><!-- wp:group {\"layout\":{\"type\":\"constrained\"}} --><\/p>\n<div class=\"wp-block-group\">\n<p><!-- wp:group {\"layout\":{\"type\":\"constrained\"}} --><\/p>\n<div class=\"wp-block-group\">\n<p><!-- wp:heading --><\/p>\n<h2 class=\"wp-block-heading\">Hor\u00e1rio de Atendimento: <\/h2>\n<p><!-- \/wp:heading --><\/p>\n<\/div>\n<p><!-- \/wp:group --><\/p>\n<p><!-- wp:group {\"layout\":{\"type\":\"constrained\"}} --><\/p>\n<div class=\"wp-block-group\">\n<p><!-- wp:paragraph --><\/p>\n<p><strong>Agendamento:<\/strong><\/p>\n<p><!-- \/wp:paragraph --><\/p>\n<p><!-- wp:paragraph --><\/p>\n<p>De Segunda a Sexta-feira das 8h30 as 17h30<\/p>\n<p><!-- \/wp:paragraph --><\/p>\n<p><!-- wp:paragraph --><\/p>\n<p>S\u00e1bado das 9h00 as 13h00<\/p>\n<p><!-- \/wp:paragraph --><\/p>\n<\/div>\n<p><!-- \/wp:group --><\/p>\n<\/div>\n<p><!-- \/wp:group --><\/p>\n<p><!-- wp:paragraph --><\/p>\n<p><strong>Execu\u00e7\u00e3o:<\/strong> Conforme necessidade do cliente<\/p>\n<p><!-- \/wp:paragraph --><\/p>\n<p><!-- wp:paragraph --><\/p>\n<p><!-- \/wp:paragraph --><\/p><div><br><\/div><div><br><\/div>\t\t\t\t\t\t\t\t<\/div>\n\t\t\t\t<\/div>\n\t\t\t\t<\/div>\n\t\t\t\t<\/div>\n\t\t","protected":false},"excerpt":{"rendered":"<p>Contato: WhatsApp:&nbsp; (11) 3721-3219 E-mail: contato@higiquick.com.br Hor\u00e1rio de Atendimento: Agendamento: De Segunda a Sexta-feira das 8h30 as 17h30 S\u00e1bado das 9h00 as 13h00 Execu\u00e7\u00e3o: Conforme necessidade do cliente<\/p>\n","protected":false},"author":1,"featured_media":0,"parent":0,"menu_order":5,"comment_status":"closed","ping_status":"closed","template":"","meta":{"saved_in_kubio":false,"footnotes":""},"class_list":["post-28","page","type-page","status-publish","hentry"],"kubio_ai_page_context":{"short_desc":"","purpose":"general"},"_links":{"self":[{"href":"https:\/\/higiquick.com.br\/index.php?rest_route=\/wp\/v2\/pages\/28","targetHints":{"allow":["GET"]}}],"collection":[{"href":"https:\/\/higiquick.com.br\/index.php?rest_route=\/wp\/v2\/pages"}],"about":[{"href":"https:\/\/higiquick.com.br\/index.php?rest_route=\/wp\/v2\/types\/page"}],"author":[{"embeddable":true,"href":"https:\/\/higiquick.com.br\/index.php?rest_route=\/wp\/v2\/users\/1"}],"replies":[{"embeddable":true,"href":"https:\/\/higiquick.com.br\/index.php?rest_route=%2Fwp%2Fv2%2Fcomments&post=28"}],"version-history":[{"count":6,"href":"https:\/\/higiquick.com.br\/index.php?rest_route=\/wp\/v2\/pages\/28\/revisions"}],"predecessor-version":[{"id":482,"href":"https:\/\/higiquick.com.br\/index.php?rest_route=\/wp\/v2\/pages\/28\/revisions\/482"}],"wp:attachment":[{"href":"https:\/\/higiquick.com.br\/index.php?rest_route=%2Fwp%2Fv2%2Fmedia&parent=28"}],"curies":[{"name":"wp","href":"https:\/\/api.w.org\/{rel}","templated":true}]}}